{"id":1323,"date":"2023-05-04T16:23:28","date_gmt":"2023-05-04T16:23:28","guid":{"rendered":"https:\/\/nortegas.pt\/new\/?page_id=1323"},"modified":"2023-05-23T09:28:53","modified_gmt":"2023-05-23T09:28:53","slug":"gas-propano-empresas","status":"publish","type":"page","link":"https:\/\/nortegas.pt\/new\/gas-propano-empresas\/","title":{"rendered":"G\u00e1s Propano &#8211; Empresas"},"content":{"rendered":"\t\t<div data-elementor-type=\"wp-page\" data-elementor-id=\"1323\" class=\"elementor elementor-1323\">\n\t\t\t\t\t\t<section class=\"elementor-section elementor-top-section elementor-element elementor-element-1ff37b4 service-detail elementor-section-boxed elementor-section-height-default elementor-section-height-default\" data-id=\"1ff37b4\" data-element_type=\"section\">\n\t\t\t\t\t\t<div class=\"elementor-container elementor-column-gap-default\">\n\t\t\t\t\t<div class=\"elementor-column elementor-col-33 elementor-top-column elementor-element elementor-element-92f6f58\" data-id=\"92f6f58\" data-element_type=\"column\">\n\t\t\t<div class=\"elementor-widget-wrap elementor-element-populated\">\n\t\t\t\t\t\t<div class=\"elementor-element elementor-element-38ee0b1 elementor-widget elementor-widget-sidebar-call-to-action\" data-id=\"38ee0b1\" data-element_type=\"widget\" data-widget_type=\"sidebar-call-to-action.default\">\n\t\t\t\t<div class=\"elementor-widget-container\">\n\t\t\t    <!-- Service Detail Category -->\r\n    <div class=\"sidebar-widget service-details__contractor\">\r\n                    <div class=\"service-details__contractor-image\">\r\n                <img decoding=\"async\" src=\"https:\/\/nortegas.pt\/new\/wp-content\/uploads\/2023\/05\/panela-pequena-de-metal-no-fogao-da-cozinha.jpg\" alt=\"\" \/>\r\n            <\/div>\r\n                <div class=\"service-details__contractor-content\" style=\"background-image: url(http:\/\/themazine.com\/mr\/solapawp\/wp-content\/uploads\/2022\/08\/shape-11.png)\">\r\n            <div aria-hidden=\"true\" class=\" service-details__contractor-icon  icon-phone-call\"><\/div>                            <h3 class=\"service-details__contractor-title\">Contacte-nos<\/h3>\r\n                                                    <a href=\"tel:+351229545504\" class=\"service-details__contractor-phone\">(+351) 229 545 504<\/a>\r\n                    <\/div>\r\n    <\/div>\r\n\t\t<\/div>\n\t\t\t\t<\/div>\n\t\t\t\t<div class=\"elementor-element elementor-element-8d8256c elementor-widget elementor-widget-image\" data-id=\"8d8256c\" data-element_type=\"widget\" data-widget_type=\"image.default\">\n\t\t\t\t<div class=\"elementor-widget-container\">\n\t\t\t<style>\/*! elementor - v3.20.0 - 13-03-2024 *\/\n.elementor-widget-image{text-align:center}.elementor-widget-image a{display:inline-block}.elementor-widget-image a img[src$=\".svg\"]{width:48px}.elementor-widget-image img{vertical-align:middle;display:inline-block}<\/style>\t\t\t\t\t\t\t\t\t\t<img fetchpriority=\"high\" decoding=\"async\" width=\"640\" height=\"480\" src=\"https:\/\/nortegas.pt\/new\/wp-content\/uploads\/2023\/03\/2021052501-1024x768.jpg\" class=\"attachment-large size-large wp-image-1229\" alt=\"\" srcset=\"https:\/\/nortegas.pt\/new\/wp-content\/uploads\/2023\/03\/2021052501-1024x768.jpg 1024w, https:\/\/nortegas.pt\/new\/wp-content\/uploads\/2023\/03\/2021052501-300x225.jpg 300w, https:\/\/nortegas.pt\/new\/wp-content\/uploads\/2023\/03\/2021052501-768x576.jpg 768w, https:\/\/nortegas.pt\/new\/wp-content\/uploads\/2023\/03\/2021052501-1536x1152.jpg 1536w, https:\/\/nortegas.pt\/new\/wp-content\/uploads\/2023\/03\/2021052501.jpg 1920w\" sizes=\"(max-width: 640px) 100vw, 640px\" \/>\t\t\t\t\t\t\t\t\t\t\t\t\t<\/div>\n\t\t\t\t<\/div>\n\t\t\t\t<div class=\"elementor-element elementor-element-b84c6b0 elementor-widget elementor-widget-spacer\" data-id=\"b84c6b0\" data-element_type=\"widget\" data-widget_type=\"spacer.default\">\n\t\t\t\t<div class=\"elementor-widget-container\">\n\t\t\t<style>\/*! elementor - v3.20.0 - 13-03-2024 *\/\n.elementor-column .elementor-spacer-inner{height:var(--spacer-size)}.e-con{--container-widget-width:100%}.e-con-inner>.elementor-widget-spacer,.e-con>.elementor-widget-spacer{width:var(--container-widget-width,var(--spacer-size));--align-self:var(--container-widget-align-self,initial);--flex-shrink:0}.e-con-inner>.elementor-widget-spacer>.elementor-widget-container,.e-con>.elementor-widget-spacer>.elementor-widget-container{height:100%;width:100%}.e-con-inner>.elementor-widget-spacer>.elementor-widget-container>.elementor-spacer,.e-con>.elementor-widget-spacer>.elementor-widget-container>.elementor-spacer{height:100%}.e-con-inner>.elementor-widget-spacer>.elementor-widget-container>.elementor-spacer>.elementor-spacer-inner,.e-con>.elementor-widget-spacer>.elementor-widget-container>.elementor-spacer>.elementor-spacer-inner{height:var(--container-widget-height,var(--spacer-size))}.e-con-inner>.elementor-widget-spacer.elementor-widget-empty,.e-con>.elementor-widget-spacer.elementor-widget-empty{position:relative;min-height:22px;min-width:22px}.e-con-inner>.elementor-widget-spacer.elementor-widget-empty .elementor-widget-empty-icon,.e-con>.elementor-widget-spacer.elementor-widget-empty .elementor-widget-empty-icon{position:absolute;top:0;bottom:0;left:0;right:0;margin:auto;padding:0;width:22px;height:22px}<\/style>\t\t<div class=\"elementor-spacer\">\n\t\t\t<div class=\"elementor-spacer-inner\"><\/div>\n\t\t<\/div>\n\t\t\t\t<\/div>\n\t\t\t\t<\/div>\n\t\t\t\t<div class=\"elementor-element elementor-element-873b1ee elementor-widget elementor-widget-image\" data-id=\"873b1ee\" data-element_type=\"widget\" data-widget_type=\"image.default\">\n\t\t\t\t<div class=\"elementor-widget-container\">\n\t\t\t\t\t\t\t\t\t\t\t\t\t<img decoding=\"async\" width=\"315\" height=\"330\" src=\"https:\/\/nortegas.pt\/new\/wp-content\/uploads\/2023\/05\/gaspropano-e1683641168892.jpg\" class=\"attachment-large size-large wp-image-1461\" alt=\"\" srcset=\"https:\/\/nortegas.pt\/new\/wp-content\/uploads\/2023\/05\/gaspropano-e1683641168892.jpg 315w, https:\/\/nortegas.pt\/new\/wp-content\/uploads\/2023\/05\/gaspropano-e1683641168892-286x300.jpg 286w\" sizes=\"(max-width: 315px) 100vw, 315px\" \/>\t\t\t\t\t\t\t\t\t\t\t\t\t<\/div>\n\t\t\t\t<\/div>\n\t\t\t\t<div class=\"elementor-element elementor-element-d280f66 elementor-widget elementor-widget-spacer\" data-id=\"d280f66\" data-element_type=\"widget\" data-widget_type=\"spacer.default\">\n\t\t\t\t<div class=\"elementor-widget-container\">\n\t\t\t\t\t<div class=\"elementor-spacer\">\n\t\t\t<div class=\"elementor-spacer-inner\"><\/div>\n\t\t<\/div>\n\t\t\t\t<\/div>\n\t\t\t\t<\/div>\n\t\t\t\t<div class=\"elementor-element elementor-element-232a35a elementor-widget elementor-widget-image\" data-id=\"232a35a\" data-element_type=\"widget\" data-widget_type=\"image.default\">\n\t\t\t\t<div class=\"elementor-widget-container\">\n\t\t\t\t\t\t\t\t\t\t\t\t\t<img decoding=\"async\" width=\"640\" height=\"426\" src=\"https:\/\/nortegas.pt\/new\/wp-content\/uploads\/2023\/05\/tubulacoes-de-aco-e-cabos-em-uma-planta-1024x682.jpg\" class=\"attachment-large size-large wp-image-1553\" alt=\"\" srcset=\"https:\/\/nortegas.pt\/new\/wp-content\/uploads\/2023\/05\/tubulacoes-de-aco-e-cabos-em-uma-planta-1024x682.jpg 1024w, https:\/\/nortegas.pt\/new\/wp-content\/uploads\/2023\/05\/tubulacoes-de-aco-e-cabos-em-uma-planta-300x200.jpg 300w, https:\/\/nortegas.pt\/new\/wp-content\/uploads\/2023\/05\/tubulacoes-de-aco-e-cabos-em-uma-planta-768x512.jpg 768w, https:\/\/nortegas.pt\/new\/wp-content\/uploads\/2023\/05\/tubulacoes-de-aco-e-cabos-em-uma-planta-1536x1024.jpg 1536w, https:\/\/nortegas.pt\/new\/wp-content\/uploads\/2023\/05\/tubulacoes-de-aco-e-cabos-em-uma-planta.jpg 2000w\" sizes=\"(max-width: 640px) 100vw, 640px\" \/>\t\t\t\t\t\t\t\t\t\t\t\t\t<\/div>\n\t\t\t\t<\/div>\n\t\t\t\t\t<\/div>\n\t\t<\/div>\n\t\t\t\t<div class=\"elementor-column elementor-col-66 elementor-top-column elementor-element elementor-element-5ee4289\" data-id=\"5ee4289\" data-element_type=\"column\">\n\t\t\t<div class=\"elementor-widget-wrap elementor-element-populated\">\n\t\t\t\t\t\t<div class=\"elementor-element elementor-element-a514eb9 elementor-widget elementor-widget-html\" data-id=\"a514eb9\" data-element_type=\"widget\" data-widget_type=\"html.default\">\n\t\t\t\t<div class=\"elementor-widget-container\">\n\t\t\t<h2 class=\"service-detail__title\">G\u00c1S PROPANO  A GRANEL<\/h2>\t\t<\/div>\n\t\t\t\t<\/div>\n\t\t\t\t<section class=\"elementor-section elementor-inner-section elementor-element elementor-element-0ae715e elementor-section-full_width elementor-section-height-default elementor-section-height-default\" data-id=\"0ae715e\" data-element_type=\"section\">\n\t\t\t\t\t\t<div class=\"elementor-container elementor-column-gap-no\">\n\t\t\t\t\t<div class=\"elementor-column elementor-col-50 elementor-inner-column elementor-element elementor-element-875464d\" data-id=\"875464d\" data-element_type=\"column\">\n\t\t\t<div class=\"elementor-widget-wrap elementor-element-populated\">\n\t\t\t\t\t\t<div class=\"elementor-element elementor-element-71a0eeb service-detail__image elementor-widget elementor-widget-image\" data-id=\"71a0eeb\" data-element_type=\"widget\" data-widget_type=\"image.default\">\n\t\t\t\t<div class=\"elementor-widget-container\">\n\t\t\t\t\t\t\t\t\t\t\t\t\t<img decoding=\"async\" src=\"https:\/\/nortegas.pt\/new\/wp-content\/uploads\/elementor\/thumbs\/stove-5580691_1280-q6cxaij0530kwx778i4v10ph87qm4cm4vuf6nyq1zy.jpg\" title=\"stove-5580691_1280\" alt=\"stove-5580691_1280\" loading=\"lazy\" \/>\t\t\t\t\t\t\t\t\t\t\t\t\t<\/div>\n\t\t\t\t<\/div>\n\t\t\t\t\t<\/div>\n\t\t<\/div>\n\t\t\t\t<div class=\"elementor-column elementor-col-50 elementor-inner-column elementor-element elementor-element-2404f0c\" data-id=\"2404f0c\" data-element_type=\"column\">\n\t\t\t<div class=\"elementor-widget-wrap elementor-element-populated\">\n\t\t\t\t\t\t<div class=\"elementor-element elementor-element-a36c063 elementor-widget elementor-widget-html\" data-id=\"a36c063\" data-element_type=\"widget\" data-widget_type=\"html.default\">\n\t\t\t\t<div class=\"elementor-widget-container\">\n\t\t\t<div class=\"service-provide\">\r\n    <h3 class=\"service-detail__title-three\">Servi\u00e7os que realizamos na \u00e1rea do G\u00e1s Propano\/Natural para Empresas<\/h3>\r\n    <div class=\"service-detail__text-three\">A Norteg\u00e1s tem \u00e0 sua disposi\u00e7\u00e3o uma equipa especializada e certificada para execu\u00e7\u00e3o de servi\u00e7os da \u00e1rea de G\u00e1s\r\n    <\/div>\r\n    <ul class=\"service-detail__list\">\r\n        <li>Elabora\u00e7\u00e3o de Projetos;<\/li>\r\n        <li>Execu\u00e7\u00e3o de rede e ramais de distribui\u00e7\u00e3o;<\/li>\r\n        <li>Instala\u00e7\u00e3o de Reservat\u00f3rios;<\/li>\r\n        <li>Fornecimento de GPL;<\/li>\r\n        <li>Manuten\u00e7\u00e3o de Instala\u00e7\u00f5es de armazenagem e distribui\u00e7\u00e3o;<\/li>\r\n        <li>Tratamento de processos de licenciamento.<\/li>\r\n    <\/ul>\r\n<\/div>\t\t<\/div>\n\t\t\t\t<\/div>\n\t\t\t\t\t<\/div>\n\t\t<\/div>\n\t\t\t\t\t<\/div>\n\t\t<\/section>\n\t\t\t\t<div class=\"elementor-element elementor-element-77d48d8 elementor-widget elementor-widget-html\" data-id=\"77d48d8\" data-element_type=\"widget\" data-widget_type=\"html.default\">\n\t\t\t\t<div class=\"elementor-widget-container\">\n\t\t\t<h3 class=\"service-detail__title-two\">Energia limpa, segura e versatil<\/h3>\t\t<\/div>\n\t\t\t\t<\/div>\n\t\t\t\t<div class=\"elementor-element elementor-element-fae9da0 elementor-widget elementor-widget-html\" data-id=\"fae9da0\" data-element_type=\"widget\" data-widget_type=\"html.default\">\n\t\t\t\t<div class=\"elementor-widget-container\">\n\t\t\t<div class=\"service-detail__text-two\">As nossas solu\u00e7\u00f5es e pre\u00e7o s\u00e3o a <b>melhor solu\u00e7\u00e3o<\/b> para a sua empresa. Tenha uma energia c\u00f3moda e usufrua de uma <b>energia segura, limpa e econ\u00f3mica.<\/b>\n<\/p>\nO GPL \u00e9 uma energia vers\u00e1til face \u00e0s outras energias, tem um elevado poder calorifico, pode ser utilizado na agricultura, na industria ou no sector terci\u00e1rio.\n\u00c9 bastante utilizado no sector hoteleiro e restaura\u00e7\u00e3o, podendo ser utilizado para confe\u00e7\u00e3o alimentar, aquecimento de \u00e1guas sanit\u00e1rias e climatiza\u00e7\u00e3o.\n\n<\/div>\t\t<\/div>\n\t\t\t\t<\/div>\n\t\t\t\t<div class=\"elementor-element elementor-element-abdc25b elementor-widget elementor-widget-solapa-faq\" data-id=\"abdc25b\" data-element_type=\"widget\" data-widget_type=\"solapa-faq.default\">\n\t\t\t\t<div class=\"elementor-widget-container\">\n\t\t\t\t\t\t<h3 class=\"service-detail__accordian-title\">Vantagens para SI<\/h3>\r\n\t\t<div class=\"service-detail__accordian-box\">\r\n\r\n\t\t<ul class=\"service-detail__faq-accordion\">\r\n\t\t\t\t\t\t\t<!-- Block -->\r\n\t\t\t\t<li class=\"service-detail__faq-toggle active-block\">\r\n\t\t\t\t\t<div class=\"service-detail__acc-btn active\">Servi\u00e7o Premium <div class=\"service-detail__faq-icon fa fa-angle-down\"><\/div>\r\n\t\t\t\t\t<\/div>\r\n\t\t\t\t\t<div class=\"service-detail__faq-content current\">\r\n\t\t\t\t\t\t<div class=\"service-detail__faq-text\">A Norteg\u00e1s executa a instala\u00e7\u00e3o de g\u00e1s de acordo com as suas necessidades, e de acordo com as especifica\u00e7\u00f5es dos seus aparelhos de g\u00e1s. Todo o licenciamento \u00e9 executado pela Norteg\u00e1s para que a sua empresa tenha uma solu\u00e7\u00e3o global sem preocupa\u00e7\u00f5es. <\/div>\r\n\t\t\t\t\t<\/div>\r\n\t\t\t\t<\/li>\r\n\t\t\t\t\t\t\t<!-- Block -->\r\n\t\t\t\t<li class=\"service-detail__faq-toggle \">\r\n\t\t\t\t\t<div class=\"service-detail__acc-btn \">Mais Vantagems <div class=\"service-detail__faq-icon fa fa-angle-down\"><\/div>\r\n\t\t\t\t\t<\/div>\r\n\t\t\t\t\t<div class=\"service-detail__faq-content \">\r\n\t\t\t\t\t\t<div class=\"service-detail__faq-text\">Abastecimento cont\u00ednuo sem quebras e preocupa\u00e7\u00f5es; <\/p>Facilidade de instala\u00e7\u00e3o de armazenagem dedicada;<\/p>Elevado poder calorifico. <\/div>\r\n\t\t\t\t\t<\/div>\r\n\t\t\t\t<\/li>\r\n\t\t\t\t\t\t\t<!-- Block -->\r\n\t\t\t\t<li class=\"service-detail__faq-toggle \">\r\n\t\t\t\t\t<div class=\"service-detail__acc-btn \">GPL a Granel <div class=\"service-detail__faq-icon fa fa-angle-down\"><\/div>\r\n\t\t\t\t\t<\/div>\r\n\t\t\t\t\t<div class=\"service-detail__faq-content \">\r\n\t\t\t\t\t\t<div class=\"service-detail__faq-text\">O GPL \u00e9 uma energia versatil, com multiplas aplica\u00e7\u00f5es nos v\u00e1rios sectores empresariais, desde o sector prim\u00e1rio ao terci\u00e1rio: Na agricultira para aquecimento, secagem, etc. Na industrias textil, cer\u00e2mica, etc, uma vez que detem de um poder calorificio elevado. No sector da restaura\u00e7\u00e3o e hotelaria, tanto para aquecimento, aguas sanitarias, ou prepara\u00e7\u00e3o de alimentos. O GPL \u00e9 uma energia confiavel, segura, e de elevado poder calorifico. <\/div>\r\n\t\t\t\t\t<\/div>\r\n\t\t\t\t<\/li>\r\n\t\t\t\t\t<\/ul>\r\n\r\n\t<\/div>\r\n\r\n\t\t<\/div>\n\t\t\t\t<\/div>\n\t\t\t\t\t<\/div>\n\t\t<\/div>\n\t\t\t\t\t<\/div>\n\t\t<\/section>\n\t\t\t\t<\/div>\n\t\t","protected":false},"excerpt":{"rendered":"<p>Contacte-nos (+351) 229 545 504 G\u00c1S PROPANO A GRANEL Servi\u00e7os que realizamos na \u00e1rea do G\u00e1s Propano\/Natural para Empresas A Norteg\u00e1s tem \u00e0 sua disposi\u00e7\u00e3o uma equipa especializada e certificada para execu\u00e7\u00e3o de servi\u00e7os da \u00e1rea de G\u00e1s Elabora\u00e7\u00e3o de Projetos; Execu\u00e7\u00e3o de rede e ramais de distribui\u00e7\u00e3o; Instala\u00e7\u00e3o de Reservat\u00f3rios; Fornecimento de GPL; Manuten\u00e7\u00e3o [&hellip;]<\/p>\n","protected":false},"author":1,"featured_media":0,"parent":0,"menu_order":0,"comment_status":"closed","ping_status":"closed","template":"elementor_header_footer","meta":{"_monsterinsights_skip_tracking":false,"_monsterinsights_sitenote_active":false,"_monsterinsights_sitenote_note":"","_monsterinsights_sitenote_category":0,"footnotes":""},"class_list":["post-1323","page","type-page","status-publish","hentry"],"aioseo_notices":[],"_links":{"self":[{"href":"https:\/\/nortegas.pt\/new\/wp-json\/wp\/v2\/pages\/1323","targetHints":{"allow":["GET"]}}],"collection":[{"href":"https:\/\/nortegas.pt\/new\/wp-json\/wp\/v2\/pages"}],"about":[{"href":"https:\/\/nortegas.pt\/new\/wp-json\/wp\/v2\/types\/page"}],"author":[{"embeddable":true,"href":"https:\/\/nortegas.pt\/new\/wp-json\/wp\/v2\/users\/1"}],"replies":[{"embeddable":true,"href":"https:\/\/nortegas.pt\/new\/wp-json\/wp\/v2\/comments?post=1323"}],"version-history":[{"count":17,"href":"https:\/\/nortegas.pt\/new\/wp-json\/wp\/v2\/pages\/1323\/revisions"}],"predecessor-version":[{"id":1585,"href":"https:\/\/nortegas.pt\/new\/wp-json\/wp\/v2\/pages\/1323\/revisions\/1585"}],"wp:attachment":[{"href":"https:\/\/nortegas.pt\/new\/wp-json\/wp\/v2\/media?parent=1323"}],"curies":[{"name":"wp","href":"https:\/\/api.w.org\/{rel}","templated":true}]}}